{"id":289,"date":"2020-10-22T15:28:47","date_gmt":"2020-10-22T18:28:47","guid":{"rendered":"https:\/\/isgsaude.org.br\/ceapsol\/?page_id=289"},"modified":"2025-03-06T11:44:37","modified_gmt":"2025-03-06T14:44:37","slug":"servicos","status":"publish","type":"page","link":"https:\/\/isgsaude.org.br\/ceapsol\/servicos\/","title":{"rendered":"Servi\u00e7os"},"content":{"rendered":"","protected":false},"excerpt":{"rendered":"<p>Para atendimento de pacientes com\u00a0doen\u00e7as i<strong>nfectocontagiosas e dermatol\u00f3gicas<\/strong>, nas seguintes especialidades: Odontologia, Psicologia, Nutri\u00e7\u00e3o, Fisioterapia e Servi\u00e7o Social;<\/p>\n","protected":false},"author":1,"featured_media":0,"parent":0,"menu_order":0,"comment_status":"closed","ping_status":"closed","template":"page-servicos.php","meta":{"_acf_changed":false,"footnotes":""},"class_list":["post-289","page","type-page","status-publish","hentry"],"acf":[],"_links":{"self":[{"href":"https:\/\/isgsaude.org.br\/ceapsol\/wp-json\/wp\/v2\/pages\/289","targetHints":{"allow":["GET"]}}],"collection":[{"href":"https:\/\/isgsaude.org.br\/ceapsol\/wp-json\/wp\/v2\/pages"}],"about":[{"href":"https:\/\/isgsaude.org.br\/ceapsol\/wp-json\/wp\/v2\/types\/page"}],"author":[{"embeddable":true,"href":"https:\/\/isgsaude.org.br\/ceapsol\/wp-json\/wp\/v2\/users\/1"}],"replies":[{"embeddable":true,"href":"https:\/\/isgsaude.org.br\/ceapsol\/wp-json\/wp\/v2\/comments?post=289"}],"version-history":[{"count":0,"href":"https:\/\/isgsaude.org.br\/ceapsol\/wp-json\/wp\/v2\/pages\/289\/revisions"}],"wp:attachment":[{"href":"https:\/\/isgsaude.org.br\/ceapsol\/wp-json\/wp\/v2\/media?parent=289"}],"curies":[{"name":"wp","href":"https:\/\/api.w.org\/{rel}","templated":true}]}}