{"id":103,"date":"2020-10-14T17:07:36","date_gmt":"2020-10-14T20:07:36","guid":{"rendered":"https:\/\/isgsaude.org.br\/hrsjc\/?page_id=103"},"modified":"2025-05-06T10:29:34","modified_gmt":"2025-05-06T13:29:34","slug":"quem-somos","status":"publish","type":"page","link":"https:\/\/isgsaude.org.br\/hrsjc\/quem-somos\/","title":{"rendered":"Quem Somos"},"content":{"rendered":"","protected":false},"excerpt":{"rendered":"<p>HRSJC \u00e9 um dos primeiros hospitais do Estado de S\u00e3o Paulo constru\u00eddo por meio de Parceria P\u00fablico-Privada (PPP), na modalidade de \u201cconcess\u00e3o administrativa\u201d para a constru\u00e7\u00e3o, fornecimento de equipamentos, manuten\u00e7\u00e3o e gest\u00e3o dos servi\u00e7os n\u00e3o assistenciais (TI, seguran\u00e7a, limpeza e manuten\u00e7\u00e3o dos equipamentos).<\/p>\n","protected":false},"author":1,"featured_media":0,"parent":0,"menu_order":0,"comment_status":"closed","ping_status":"closed","template":"page-sobre.php","meta":{"_acf_changed":false,"footnotes":""},"class_list":["post-103","page","type-page","status-publish","hentry"],"acf":[],"_links":{"self":[{"href":"https:\/\/isgsaude.org.br\/hrsjc\/wp-json\/wp\/v2\/pages\/103","targetHints":{"allow":["GET"]}}],"collection":[{"href":"https:\/\/isgsaude.org.br\/hrsjc\/wp-json\/wp\/v2\/pages"}],"about":[{"href":"https:\/\/isgsaude.org.br\/hrsjc\/wp-json\/wp\/v2\/types\/page"}],"author":[{"embeddable":true,"href":"https:\/\/isgsaude.org.br\/hrsjc\/wp-json\/wp\/v2\/users\/1"}],"replies":[{"embeddable":true,"href":"https:\/\/isgsaude.org.br\/hrsjc\/wp-json\/wp\/v2\/comments?post=103"}],"version-history":[{"count":0,"href":"https:\/\/isgsaude.org.br\/hrsjc\/wp-json\/wp\/v2\/pages\/103\/revisions"}],"wp:attachment":[{"href":"https:\/\/isgsaude.org.br\/hrsjc\/wp-json\/wp\/v2\/media?parent=103"}],"curies":[{"name":"wp","href":"https:\/\/api.w.org\/{rel}","templated":true}]}}